{"id":11,"date":"2026-01-22T18:01:44","date_gmt":"2026-01-22T17:01:44","guid":{"rendered":"http:\/\/localhost:8888\/animaux_chics\/?page_id=11"},"modified":"2026-03-18T16:05:49","modified_gmt":"2026-03-18T15:05:49","slug":"toilettage-canin-a-domicile-a-romagnat-animaux-chics","status":"publish","type":"page","link":"https:\/\/animauxchics.fr\/","title":{"rendered":"Accueil"},"content":{"rendered":"\t\t<div data-elementor-type=\"wp-page\" data-elementor-id=\"11\" class=\"elementor elementor-11\">\n\t\t\t\t<div class=\"elementor-element elementor-element-c2f65aa e-flex e-con-boxed e-con e-parent\" data-id=\"c2f65aa\" data-element_type=\"container\" data-e-type=\"container\">\n\t\t\t\t\t<div class=\"e-con-inner\">\n\t\t<div class=\"elementor-element elementor-element-fde57a3 e-con-full e-flex e-con e-child\" data-id=\"fde57a3\" data-element_type=\"container\" data-e-type=\"container\">\n\t\t\t\t<div class=\"elementor-element elementor-element-a48dd3c elementor-widget elementor-widget-heading\" data-id=\"a48dd3c\" data-element_type=\"widget\" data-e-type=\"widget\" data-widget_type=\"heading.default\">\n\t\t\t\t\t<h1 class=\"elementor-heading-title elementor-size-default\">Toilettage canin \u00e0 domicile<\/h1>\t\t\t\t<\/div>\n\t\t\t\t<\/div>\n\t\t<div class=\"elementor-element elementor-element-cf1d9b1 e-con-full e-flex e-con e-child\" data-id=\"cf1d9b1\" data-element_type=\"container\" data-e-type=\"container\">\n\t\t\t\t<div class=\"elementor-element elementor-element-88452e1 elementor-widget elementor-widget-image\" data-id=\"88452e1\" data-element_type=\"widget\" data-e-type=\"widget\" data-widget_type=\"image.default\">\n\t\t\t\t\t\t\t\t\t\t\t\t\t\t\t<img fetchpriority=\"high\" decoding=\"async\" width=\"1024\" height=\"683\" src=\"https:\/\/animauxchics.fr\/wp-content\/uploads\/2026\/02\/pexels-goochie-poochie-19145890-1024x683.jpg\" class=\"attachment-large size-large wp-image-269\" alt=\"Mat\u00e9riel professionnel de toilettage canin \u00e0 domicile : ciseaux, tondeuse et peigne pour des soins doux et pr\u00e9cis \u00e0 Romagnat et ses alentours.\" srcset=\"https:\/\/animauxchics.fr\/wp-content\/uploads\/2026\/02\/pexels-goochie-poochie-19145890-1024x683.jpg 1024w, https:\/\/animauxchics.fr\/wp-content\/uploads\/2026\/02\/pexels-goochie-poochie-19145890-300x200.jpg 300w, https:\/\/animauxchics.fr\/wp-content\/uploads\/2026\/02\/pexels-goochie-poochie-19145890-768x513.jpg 768w, https:\/\/animauxchics.fr\/wp-content\/uploads\/2026\/02\/pexels-goochie-poochie-19145890-1536x1025.jpg 1536w, https:\/\/animauxchics.fr\/wp-content\/uploads\/2026\/02\/pexels-goochie-poochie-19145890-2048x1367.jpg 2048w\" sizes=\"(max-width: 1024px) 100vw, 1024px\" \/>\t\t\t\t\t\t\t\t\t\t\t\t\t\t\t<\/div>\n\t\t\t\t<\/div>\n\t\t<div class=\"elementor-element elementor-element-43aff3d e-con-full e-flex e-con e-child\" data-id=\"43aff3d\" data-element_type=\"container\" data-e-type=\"container\">\n\t\t\t\t<div class=\"elementor-element elementor-element-bd18fc8 elementor-widget elementor-widget-text-editor\" data-id=\"bd18fc8\" data-element_type=\"widget\" data-e-type=\"widget\" data-widget_type=\"text-editor.default\">\n\t\t\t\t\t\t\t\t\t<p data-start=\"469\" data-end=\"660\">Chaque geste compte : les ciseaux qui sculptent, les peignes qui caressent, l\u2019eau ti\u00e8de qui d\u00e9tend, et surtout une attention totale port\u00e9e \u00e0 la personnalit\u00e9 et aux besoins de votre compagnon.<\/p><p data-start=\"662\" data-end=\"893\">Votre chien reste chez lui, dans son environnement familier, pour un toilettage \u00e0 domicile sans stress, tout en douceur, rassurant et sur mesure.<br data-start=\"811\" data-end=\"814\" \/>Un moment pens\u00e9 pour son confort, son \u00e9quilibre et votre tranquillit\u00e9 d\u2019esprit.<\/p>\t\t\t\t\t\t\t\t<\/div>\n\t\t\t\t<\/div>\n\t\t<div class=\"elementor-element elementor-element-5e59fef e-con-full e-flex e-con e-child\" data-id=\"5e59fef\" data-element_type=\"container\" data-e-type=\"container\">\n\t\t\t\t<div class=\"elementor-element elementor-element-0305881 elementor-widget elementor-widget-heading\" data-id=\"0305881\" data-element_type=\"widget\" data-e-type=\"widget\" data-widget_type=\"heading.default\">\n\t\t\t\t\t<h3 class=\"elementor-heading-title elementor-size-default\">Un toilettage pens\u00e9 comme un art<\/h3>\t\t\t\t<\/div>\n\t\t\t\t<div class=\"elementor-element elementor-element-70e2359 elementor-widget elementor-widget-text-editor\" data-id=\"70e2359\" data-element_type=\"widget\" data-e-type=\"widget\" data-widget_type=\"text-editor.default\">\n\t\t\t\t\t\t\t\t\t<p>Le toilettage d\u00e9passe le simple soin esth\u00e9tique.<br data-start=\"981\" data-end=\"984\" \/>C\u2019est un moment de bien-\u00eatre, o\u00f9 savoir-faire, pr\u00e9cision et sensibilit\u00e9 se conjuguent pour r\u00e9v\u00e9ler l\u2019harmonie naturelle de votre chien, sans jamais le brusquer.<\/p>\t\t\t\t\t\t\t\t<\/div>\n\t\t\t\t<\/div>\n\t\t\t\t\t<\/div>\n\t\t\t\t<\/div>\n\t\t<div class=\"elementor-element elementor-element-824a24c e-flex e-con-boxed e-con e-parent\" data-id=\"824a24c\" data-element_type=\"container\" data-e-type=\"container\">\n\t\t\t\t\t<div class=\"e-con-inner\">\n\t\t<div class=\"elementor-element elementor-element-3607893 e-con-full e-flex e-con e-child\" data-id=\"3607893\" data-element_type=\"container\" data-e-type=\"container\">\n\t\t\t\t<div class=\"elementor-element elementor-element-5b82366 elementor-arrows-position-inside elementor-widget elementor-widget-image-carousel\" data-id=\"5b82366\" data-element_type=\"widget\" data-e-type=\"widget\" data-settings=\"{&quot;slides_to_show&quot;:&quot;1&quot;,&quot;navigation&quot;:&quot;arrows&quot;,&quot;speed&quot;:900,&quot;autoplay&quot;:&quot;yes&quot;,&quot;pause_on_hover&quot;:&quot;yes&quot;,&quot;pause_on_interaction&quot;:&quot;yes&quot;,&quot;autoplay_speed&quot;:5000,&quot;infinite&quot;:&quot;yes&quot;,&quot;effect&quot;:&quot;slide&quot;}\" data-widget_type=\"image-carousel.default\">\n\t\t\t\t\t\t\t<div class=\"elementor-image-carousel-wrapper swiper\" role=\"region\" aria-roledescription=\"carousel\" aria-label=\"Carrousel d\u2019images\" dir=\"ltr\">\n\t\t\t<div class=\"elementor-image-carousel swiper-wrapper\" aria-live=\"off\">\n\t\t\t\t\t\t\t\t<div class=\"swiper-slide\" role=\"group\" aria-roledescription=\"slide\" aria-label=\"1 sur 3\"><figure class=\"swiper-slide-inner\"><img decoding=\"async\" class=\"swiper-slide-image\" src=\"https:\/\/animauxchics.fr\/wp-content\/uploads\/2026\/02\/IMG_1379-768x768.jpg\" alt=\"Transformation d\u2019un chien avant et apr\u00e8s un toilettage professionnel \u00e0 domicile \u00e0 Romagnat \u2013 Poils propres, coup\u00e9s et bross\u00e9s avec soin pour un r\u00e9sultat \u00e9l\u00e9gant et sans stress.\" \/><\/figure><\/div><div class=\"swiper-slide\" role=\"group\" aria-roledescription=\"slide\" aria-label=\"2 sur 3\"><figure class=\"swiper-slide-inner\"><img decoding=\"async\" class=\"swiper-slide-image\" src=\"https:\/\/animauxchics.fr\/wp-content\/uploads\/2026\/02\/IMG_1284-768x768.jpg\" alt=\"Avant\/apr\u00e8s toilettage chien \u00e0 domicile \u00e0 Romagnat : un pelage terne et emm\u00eal\u00e9 devient doux, brillant et parfaitement entretenu gr\u00e2ce \u00e0 nos soins professionnels.\" \/><\/figure><\/div><div class=\"swiper-slide\" role=\"group\" aria-roledescription=\"slide\" aria-label=\"3 sur 3\"><figure class=\"swiper-slide-inner\"><img decoding=\"async\" class=\"swiper-slide-image\" src=\"https:\/\/animauxchics.fr\/wp-content\/uploads\/2026\/02\/IMG_1380-768x768.jpg\" alt=\"R\u00e9sultat avant\/apr\u00e8s d\u2019un toilettage canin \u00e0 domicile \u00e0 Romagnat \u2013 Un pelage soyeux, propre et bien coup\u00e9 pour un look neuf et confortable.\" \/><\/figure><\/div>\t\t\t<\/div>\n\t\t\t\t\t\t\t\t\t\t\t\t<div class=\"elementor-swiper-button elementor-swiper-button-prev\" role=\"button\" tabindex=\"0\">\n\t\t\t\t\t\t<svg aria-hidden=\"true\" class=\"e-font-icon-svg e-fas-caret-left\" viewBox=\"0 0 192 512\" xmlns=\"http:\/\/www.w3.org\/2000\/svg\"><path d=\"M192 127.338v257.324c0 17.818-21.543 26.741-34.142 14.142L29.196 270.142c-7.81-7.81-7.81-20.474 0-28.284l128.662-128.662c12.599-12.6 34.142-3.676 34.142 14.142z\"><\/path><\/svg>\t\t\t\t\t<\/div>\n\t\t\t\t\t<div class=\"elementor-swiper-button elementor-swiper-button-next\" role=\"button\" tabindex=\"0\">\n\t\t\t\t\t\t<svg aria-hidden=\"true\" class=\"e-font-icon-svg e-fas-caret-right\" viewBox=\"0 0 192 512\" xmlns=\"http:\/\/www.w3.org\/2000\/svg\"><path d=\"M0 384.662V127.338c0-17.818 21.543-26.741 34.142-14.142l128.662 128.662c7.81 7.81 7.81 20.474 0 28.284L34.142 398.804C21.543 411.404 0 402.48 0 384.662z\"><\/path><\/svg>\t\t\t\t\t<\/div>\n\t\t\t\t\n\t\t\t\t\t\t\t\t\t<\/div>\n\t\t\t\t\t\t<\/div>\n\t\t\t\t<\/div>\n\t\t<div class=\"elementor-element elementor-element-52f81b2 e-con-full e-flex e-con e-child\" data-id=\"52f81b2\" data-element_type=\"container\" data-e-type=\"container\">\n\t\t\t\t<div class=\"elementor-element elementor-element-bf68b90 elementor-widget elementor-widget-heading\" data-id=\"bf68b90\" data-element_type=\"widget\" data-e-type=\"widget\" data-widget_type=\"heading.default\">\n\t\t\t\t\t<h3 class=\"elementor-heading-title elementor-size-default\">Un toilettage sur mesure<\/h3>\t\t\t\t<\/div>\n\t\t\t\t<div class=\"elementor-element elementor-element-deecbee elementor-widget elementor-widget-text-editor\" data-id=\"deecbee\" data-element_type=\"widget\" data-e-type=\"widget\" data-widget_type=\"text-editor.default\">\n\t\t\t\t\t\t\t\t\t<p>Chaque chien est unique : poil, temp\u00e9rament, \u00e2ge, sant\u00e9\u2026<br data-start=\"1242\" data-end=\"1245\" \/>Chaque s\u00e9ance est adapt\u00e9e pour offrir un r\u00e9sultat apaisant, \u00e9l\u00e9gant et respectueux de sa personnalit\u00e9.<\/p><p>\u26a0\ufe0f Animaux Chics ne propose pas de toilettage pour chats.<\/p>\t\t\t\t\t\t\t\t<\/div>\n\t\t\t\t<div class=\"elementor-element elementor-element-cb3d580 elementor-widget elementor-widget-heading\" data-id=\"cb3d580\" data-element_type=\"widget\" data-e-type=\"widget\" data-widget_type=\"heading.default\">\n\t\t\t\t\t<h3 class=\"elementor-heading-title elementor-size-default\">Des soins professionnels et certifi\u00e9s<\/h3>\t\t\t\t<\/div>\n\t\t\t\t<div class=\"elementor-element elementor-element-3ce424b elementor-widget elementor-widget-text-editor\" data-id=\"3ce424b\" data-element_type=\"widget\" data-e-type=\"widget\" data-widget_type=\"text-editor.default\">\n\t\t\t\t\t\t\t\t\t<p data-start=\"1453\" data-end=\"1584\">Derri\u00e8re chaque s\u00e9ance, une formation reconnue et des gestes ma\u00eetris\u00e9s, au service du confort et de la s\u00e9curit\u00e9 de votre compagnon.<\/p><ul data-start=\"1586\" data-end=\"1804\"><li data-start=\"1586\" data-end=\"1659\"><p data-start=\"1588\" data-end=\"1659\">Certificat Technique des M\u00e9tiers (CTM) Toiletteur canin, f\u00e9lin et NAC<\/p><\/li><li data-start=\"1660\" data-end=\"1753\"><p data-start=\"1662\" data-end=\"1753\">Attestation de Connaissances pour les Animaux de Compagnie d\u2019Esp\u00e8ces Domestiques (ACACED)<\/p><\/li><li data-start=\"1754\" data-end=\"1804\"><p data-start=\"1756\" data-end=\"1804\">Attestation de Transport d\u2019Animaux Vivants (TAV)<\/p><\/li><\/ul>\t\t\t\t\t\t\t\t<\/div>\n\t\t\t\t<\/div>\n\t\t\t\t\t<\/div>\n\t\t\t\t<\/div>\n\t\t\t\t<\/div>\n\t\t","protected":false},"excerpt":{"rendered":"<p>Toilettage canin \u00e0 domicile Chaque geste compte : les ciseaux qui sculptent, les peignes qui caressent, l\u2019eau ti\u00e8de qui d\u00e9tend, [&hellip;]<\/p>\n","protected":false},"author":1,"featured_media":0,"parent":0,"menu_order":0,"comment_status":"closed","ping_status":"closed","template":"elementor_header_footer","meta":{"site-sidebar-layout":"no-sidebar","site-content-layout":"","ast-site-content-layout":"full-width-container","site-content-style":"default","site-sidebar-style":"default","ast-global-header-display":"","ast-banner-title-visibility":"","ast-main-header-display":"","ast-hfb-above-header-display":"","ast-hfb-below-header-display":"","ast-hfb-mobile-header-display":"","site-post-title":"","ast-breadcrumbs-content":"","ast-featured-img":"","footer-sml-layout":"","ast-disable-related-posts":"","theme-transparent-header-meta":"","adv-header-id-meta":"","stick-header-meta":"","header-above-stick-meta":"","header-main-stick-meta":"","header-below-stick-meta":"","astra-migrate-meta-layouts":"default","ast-page-background-enabled":"default","ast-page-background-meta":{"desktop":{"background-color":"var(--ast-global-color-5)","background-image":"","background-repeat":"repeat","background-position":"center center","background-size":"auto","background-attachment":"scroll","background-type":"","background-media":"","overlay-type":"","overlay-color":"","overlay-opacity":"","overlay-gradient":""},"tablet":{"background-color":"","background-image":"","background-repeat":"repeat","background-position":"center center","background-size":"auto","background-attachment":"scroll","background-type":"","background-media":"","overlay-type":"","overlay-color":"","overlay-opacity":"","overlay-gradient":""},"mobile":{"background-color":"","background-image":"","background-repeat":"repeat","background-position":"center center","background-size":"auto","background-attachment":"scroll","background-type":"","background-media":"","overlay-type":"","overlay-color":"","overlay-opacity":"","overlay-gradient":""}},"ast-content-background-meta":{"desktop":{"background-color":"var(--ast-global-color-4)","background-image":"","background-repeat":"repeat","background-position":"center center","background-size":"auto","background-attachment":"scroll","background-type":"","background-media":"","overlay-type":"","overlay-color":"","overlay-opacity":"","overlay-gradient":""},"tablet":{"background-color":"var(--ast-global-color-4)","background-image":"","background-repeat":"repeat","background-position":"center center","background-size":"auto","background-attachment":"scroll","background-type":"","background-media":"","overlay-type":"","overlay-color":"","overlay-opacity":"","overlay-gradient":""},"mobile":{"background-color":"var(--ast-global-color-4)","background-image":"","background-repeat":"repeat","background-position":"center center","background-size":"auto","background-attachment":"scroll","background-type":"","background-media":"","overlay-type":"","overlay-color":"","overlay-opacity":"","overlay-gradient":""}},"iawp_total_views":91,"footnotes":""},"class_list":["post-11","page","type-page","status-publish","hentry"],"yoast_head":"<!-- This site is optimized with the Yoast SEO plugin v27.4 - https:\/\/yoast.com\/product\/yoast-seo-wordpress\/ -->\n<title>Toilettage canin \u00e0 domicile \u00e0 Romagnat et alentours|Animaux Chics<\/title>\n<meta name=\"description\" content=\"Offrez \u00e0 votre chien un toilettage \u00e0 domicile \u00e9l\u00e9gant et sur mesure \u00e0 Romagnat et alentours. Des soins doux et respectueux de son bien-\u00eatre.\" \/>\n<meta name=\"robots\" content=\"index, follow, max-snippet:-1, max-image-preview:large, max-video-preview:-1\" \/>\n<link rel=\"canonical\" href=\"https:\/\/animauxchics.fr\/\" \/>\n<meta property=\"og:locale\" content=\"fr_FR\" \/>\n<meta property=\"og:type\" content=\"article\" \/>\n<meta property=\"og:title\" content=\"Toilettage canin \u00e0 domicile \u00e0 Romagnat et alentours|Animaux Chics\" \/>\n<meta property=\"og:description\" content=\"Offrez \u00e0 votre chien un toilettage \u00e0 domicile \u00e9l\u00e9gant et sur mesure \u00e0 Romagnat et alentours. Des soins doux et respectueux de son bien-\u00eatre.\" \/>\n<meta property=\"og:url\" content=\"https:\/\/animauxchics.fr\/\" \/>\n<meta property=\"article:modified_time\" content=\"2026-03-18T15:05:49+00:00\" \/>\n<meta property=\"og:image\" content=\"https:\/\/animauxchics.fr\/wp-content\/uploads\/2026\/02\/pexels-goochie-poochie-19145890-scaled.jpg\" \/>\n\t<meta property=\"og:image:width\" content=\"2560\" \/>\n\t<meta property=\"og:image:height\" content=\"1709\" \/>\n\t<meta property=\"og:image:type\" content=\"image\/jpeg\" \/>\n<meta name=\"twitter:card\" content=\"summary_large_image\" \/>\n<meta name=\"twitter:label1\" content=\"Dur\u00e9e de lecture estim\u00e9e\" \/>\n\t<meta name=\"twitter:data1\" content=\"3 minutes\" \/>\n<script type=\"application\/ld+json\" class=\"yoast-schema-graph\">{\"@context\":\"https:\\\/\\\/schema.org\",\"@graph\":[{\"@type\":\"WebPage\",\"@id\":\"https:\\\/\\\/animauxchics.fr\\\/\",\"url\":\"https:\\\/\\\/animauxchics.fr\\\/\",\"name\":\"Toilettage canin \u00e0 domicile \u00e0 Romagnat et alentours|Animaux Chics\",\"isPartOf\":{\"@id\":\"https:\\\/\\\/animauxchics.fr\\\/#website\"},\"primaryImageOfPage\":{\"@id\":\"https:\\\/\\\/animauxchics.fr\\\/#primaryimage\"},\"image\":{\"@id\":\"https:\\\/\\\/animauxchics.fr\\\/#primaryimage\"},\"thumbnailUrl\":\"https:\\\/\\\/animauxchics.fr\\\/wp-content\\\/uploads\\\/2026\\\/02\\\/pexels-goochie-poochie-19145890-1024x683.jpg\",\"datePublished\":\"2026-01-22T17:01:44+00:00\",\"dateModified\":\"2026-03-18T15:05:49+00:00\",\"description\":\"Offrez \u00e0 votre chien un toilettage \u00e0 domicile \u00e9l\u00e9gant et sur mesure \u00e0 Romagnat et alentours. Des soins doux et respectueux de son bien-\u00eatre.\",\"breadcrumb\":{\"@id\":\"https:\\\/\\\/animauxchics.fr\\\/#breadcrumb\"},\"inLanguage\":\"fr-FR\",\"potentialAction\":[{\"@type\":\"ReadAction\",\"target\":[\"https:\\\/\\\/animauxchics.fr\\\/\"]}]},{\"@type\":\"ImageObject\",\"inLanguage\":\"fr-FR\",\"@id\":\"https:\\\/\\\/animauxchics.fr\\\/#primaryimage\",\"url\":\"https:\\\/\\\/animauxchics.fr\\\/wp-content\\\/uploads\\\/2026\\\/02\\\/pexels-goochie-poochie-19145890-scaled.jpg\",\"contentUrl\":\"https:\\\/\\\/animauxchics.fr\\\/wp-content\\\/uploads\\\/2026\\\/02\\\/pexels-goochie-poochie-19145890-scaled.jpg\",\"width\":2560,\"height\":1709,\"caption\":\"Notre mat\u00e9riel de toilettage chien, con\u00e7u pour des soins professionnels et sans stress \u00e0 votre domicile.\"},{\"@type\":\"BreadcrumbList\",\"@id\":\"https:\\\/\\\/animauxchics.fr\\\/#breadcrumb\",\"itemListElement\":[{\"@type\":\"ListItem\",\"position\":1,\"name\":\"Accueil\",\"item\":\"https:\\\/\\\/animauxchics.fr\\\/\"},{\"@type\":\"ListItem\",\"position\":2,\"name\":\"Accueil\"}]},{\"@type\":\"WebSite\",\"@id\":\"https:\\\/\\\/animauxchics.fr\\\/#website\",\"url\":\"https:\\\/\\\/animauxchics.fr\\\/\",\"name\":\"Animaux Chics\",\"description\":\"\",\"publisher\":{\"@id\":\"https:\\\/\\\/animauxchics.fr\\\/#organization\"},\"potentialAction\":[{\"@type\":\"SearchAction\",\"target\":{\"@type\":\"EntryPoint\",\"urlTemplate\":\"https:\\\/\\\/animauxchics.fr\\\/?s={search_term_string}\"},\"query-input\":{\"@type\":\"PropertyValueSpecification\",\"valueRequired\":true,\"valueName\":\"search_term_string\"}}],\"inLanguage\":\"fr-FR\"},{\"@type\":\"Organization\",\"@id\":\"https:\\\/\\\/animauxchics.fr\\\/#organization\",\"name\":\"Animaux Chics\",\"url\":\"https:\\\/\\\/animauxchics.fr\\\/\",\"logo\":{\"@type\":\"ImageObject\",\"inLanguage\":\"fr-FR\",\"@id\":\"https:\\\/\\\/animauxchics.fr\\\/#\\\/schema\\\/logo\\\/image\\\/\",\"url\":\"https:\\\/\\\/animauxchics.fr\\\/wp-content\\\/uploads\\\/2026\\\/01\\\/cropped-Logo-animaux-chics-VF_rvb-2.png\",\"contentUrl\":\"https:\\\/\\\/animauxchics.fr\\\/wp-content\\\/uploads\\\/2026\\\/01\\\/cropped-Logo-animaux-chics-VF_rvb-2.png\",\"width\":1499,\"height\":1229,\"caption\":\"Animaux Chics\"},\"image\":{\"@id\":\"https:\\\/\\\/animauxchics.fr\\\/#\\\/schema\\\/logo\\\/image\\\/\"}}]}<\/script>\n<!-- \/ Yoast SEO plugin. -->","yoast_head_json":{"title":"Toilettage canin \u00e0 domicile \u00e0 Romagnat et alentours|Animaux Chics","description":"Offrez \u00e0 votre chien un toilettage \u00e0 domicile \u00e9l\u00e9gant et sur mesure \u00e0 Romagnat et alentours. Des soins doux et respectueux de son bien-\u00eatre.","robots":{"index":"index","follow":"follow","max-snippet":"max-snippet:-1","max-image-preview":"max-image-preview:large","max-video-preview":"max-video-preview:-1"},"canonical":"https:\/\/animauxchics.fr\/","og_locale":"fr_FR","og_type":"article","og_title":"Toilettage canin \u00e0 domicile \u00e0 Romagnat et alentours|Animaux Chics","og_description":"Offrez \u00e0 votre chien un toilettage \u00e0 domicile \u00e9l\u00e9gant et sur mesure \u00e0 Romagnat et alentours. Des soins doux et respectueux de son bien-\u00eatre.","og_url":"https:\/\/animauxchics.fr\/","article_modified_time":"2026-03-18T15:05:49+00:00","og_image":[{"width":2560,"height":1709,"url":"https:\/\/animauxchics.fr\/wp-content\/uploads\/2026\/02\/pexels-goochie-poochie-19145890-scaled.jpg","type":"image\/jpeg"}],"twitter_card":"summary_large_image","twitter_misc":{"Dur\u00e9e de lecture estim\u00e9e":"3 minutes"},"schema":{"@context":"https:\/\/schema.org","@graph":[{"@type":"WebPage","@id":"https:\/\/animauxchics.fr\/","url":"https:\/\/animauxchics.fr\/","name":"Toilettage canin \u00e0 domicile \u00e0 Romagnat et alentours|Animaux Chics","isPartOf":{"@id":"https:\/\/animauxchics.fr\/#website"},"primaryImageOfPage":{"@id":"https:\/\/animauxchics.fr\/#primaryimage"},"image":{"@id":"https:\/\/animauxchics.fr\/#primaryimage"},"thumbnailUrl":"https:\/\/animauxchics.fr\/wp-content\/uploads\/2026\/02\/pexels-goochie-poochie-19145890-1024x683.jpg","datePublished":"2026-01-22T17:01:44+00:00","dateModified":"2026-03-18T15:05:49+00:00","description":"Offrez \u00e0 votre chien un toilettage \u00e0 domicile \u00e9l\u00e9gant et sur mesure \u00e0 Romagnat et alentours. Des soins doux et respectueux de son bien-\u00eatre.","breadcrumb":{"@id":"https:\/\/animauxchics.fr\/#breadcrumb"},"inLanguage":"fr-FR","potentialAction":[{"@type":"ReadAction","target":["https:\/\/animauxchics.fr\/"]}]},{"@type":"ImageObject","inLanguage":"fr-FR","@id":"https:\/\/animauxchics.fr\/#primaryimage","url":"https:\/\/animauxchics.fr\/wp-content\/uploads\/2026\/02\/pexels-goochie-poochie-19145890-scaled.jpg","contentUrl":"https:\/\/animauxchics.fr\/wp-content\/uploads\/2026\/02\/pexels-goochie-poochie-19145890-scaled.jpg","width":2560,"height":1709,"caption":"Notre mat\u00e9riel de toilettage chien, con\u00e7u pour des soins professionnels et sans stress \u00e0 votre domicile."},{"@type":"BreadcrumbList","@id":"https:\/\/animauxchics.fr\/#breadcrumb","itemListElement":[{"@type":"ListItem","position":1,"name":"Accueil","item":"https:\/\/animauxchics.fr\/"},{"@type":"ListItem","position":2,"name":"Accueil"}]},{"@type":"WebSite","@id":"https:\/\/animauxchics.fr\/#website","url":"https:\/\/animauxchics.fr\/","name":"Animaux Chics","description":"","publisher":{"@id":"https:\/\/animauxchics.fr\/#organization"},"potentialAction":[{"@type":"SearchAction","target":{"@type":"EntryPoint","urlTemplate":"https:\/\/animauxchics.fr\/?s={search_term_string}"},"query-input":{"@type":"PropertyValueSpecification","valueRequired":true,"valueName":"search_term_string"}}],"inLanguage":"fr-FR"},{"@type":"Organization","@id":"https:\/\/animauxchics.fr\/#organization","name":"Animaux Chics","url":"https:\/\/animauxchics.fr\/","logo":{"@type":"ImageObject","inLanguage":"fr-FR","@id":"https:\/\/animauxchics.fr\/#\/schema\/logo\/image\/","url":"https:\/\/animauxchics.fr\/wp-content\/uploads\/2026\/01\/cropped-Logo-animaux-chics-VF_rvb-2.png","contentUrl":"https:\/\/animauxchics.fr\/wp-content\/uploads\/2026\/01\/cropped-Logo-animaux-chics-VF_rvb-2.png","width":1499,"height":1229,"caption":"Animaux Chics"},"image":{"@id":"https:\/\/animauxchics.fr\/#\/schema\/logo\/image\/"}}]}},"_links":{"self":[{"href":"https:\/\/animauxchics.fr\/index.php\/wp-json\/wp\/v2\/pages\/11","targetHints":{"allow":["GET"]}}],"collection":[{"href":"https:\/\/animauxchics.fr\/index.php\/wp-json\/wp\/v2\/pages"}],"about":[{"href":"https:\/\/animauxchics.fr\/index.php\/wp-json\/wp\/v2\/types\/page"}],"author":[{"embeddable":true,"href":"https:\/\/animauxchics.fr\/index.php\/wp-json\/wp\/v2\/users\/1"}],"replies":[{"embeddable":true,"href":"https:\/\/animauxchics.fr\/index.php\/wp-json\/wp\/v2\/comments?post=11"}],"version-history":[{"count":124,"href":"https:\/\/animauxchics.fr\/index.php\/wp-json\/wp\/v2\/pages\/11\/revisions"}],"predecessor-version":[{"id":758,"href":"https:\/\/animauxchics.fr\/index.php\/wp-json\/wp\/v2\/pages\/11\/revisions\/758"}],"wp:attachment":[{"href":"https:\/\/animauxchics.fr\/index.php\/wp-json\/wp\/v2\/media?parent=11"}],"curies":[{"name":"wp","href":"https:\/\/api.w.org\/{rel}","templated":true}]}}